at is 0 - (-2 + (-1 - -5)) - -8?
6
Calculate 9 + (-8 - (3 + -6)).
4
Evaluate 4 + (3 - 4) + -2.
1
Calculate 10 - 3 - (19 - 7).
-5
Calculate -5 + (3 - 10 - (-21 - -4)).
5
(-5 - -6) + (-4 - (-2 - -2))
-3
-15 + 21 - (1 + -1)
6
Calculate (8 - (0 - -3)) + -4.
1
Calculate -5 - (-1 + 0) - (60 - 63).
-1
1 - (0 + (4 - 1))
-2
Evaluate 4 + (2 + (-1 - 1) - 8).
-4
Calculate 3 + (-3 + 0 - 0) - -5.
5
What is the value of 3 + 4 + -5 + (-4 - 1)?
-3
4 + 0 - (16 - 11)
-1
0 - (0 - -4 - 4)
0
Calculate 8 + -19 - ((-4 - 2) + 1).
-6
What is the value of -1 - 0 - (-1 + -5 - -3)?
2
What is the value of -4 + -6 + -7 + 8?
-9
Calculate -1 - ((-1 - -4) + 0).
-4
Evaluate (-1 - (0 - 2)) + 4.
5
Calculate -6 + 13 - (-2 - -6 - 3).
6
0 + 3 + 1 + -49 + 49
4
What is -4 + 0 + 9 + -14?
-9
What is the value of -4 + 2 + 0 + 2?
0
Calculate 1 + (7 + -4 - -1).
5
Calculate 0 + (-7 + 2 - (-32 - -26)).
1
Calculate -4 + 0 + (3 + -3 - 0).
-4
What is the value of 7 + -8 + -3 + 12?
8
What is the value of 6 - (-1 + (6 + -5 - -9))?
-3
What is (1 + 1 - 2) + 2?
2
Calculate 4 + -6 - (2 + 0 - 1).
-3
-10 + 7 - (0 + 4 - 11)
4
What is the value of -2 + (-7 - 3) + 4?
-8
-2 + (-4 - -6) - -8
8
Evaluate 0 + 0 + (9 + -17 - -11).
3
What is (-2 - -3 - -3) + 1?
5
What is 3 + -4 - (-3 + -3)?
5
5 - 8 - (3 + (1 - 2))
-5
Evaluate -29 + 29 + -1 + 4 - 3.
0
What is the value of (-7 - -10) + 0 + 1?
4
What is the value of 2 - 0 - (12 + -5 + -5)?
0
Calculate (-8 - -3) + (2 - -1) + 7.
5
Calculate 3 + ((5 - 5) + 2 - 1).
4
What is 7 - (4 + -3 - -4)?
2
What is (-2 - 1) + (-1 - -3) - 0?
-1
What is the value of 9 - (5 + 7 + -9 + 3)?
3
Evaluate 2 - ((3 - (-2 + -2)) + -4).
-1
What is 6 + (-17 - (-4 - (-8 + 6)))?
-9
What is the value of (2 - -1) + -6 - -3?
0
What is the value of 12 - ((31 - -6) + -14)?
-11
Evaluate (-3 - (-3 + 1)) + 0 - -5.
4
What is the value of -7 - (-7 + (1 - -5))?
-6
-3 - -1 - (0 + 3 + -7)
2
What is the value of -2 + 3 + 2 + 4 + -2?
5
What is -1 + 6 + -1 + (1 - 2)?
3
What is 1 + (-10 + 2 - -5 - 0)?
-2
Calculate -3 - 1 - ((21 - 8) + -12).
-5
Calculate 6 - (5 + -5 + 7).
-1
What is the value of (-3 - (-7 - -4)) + -5 + 14?
9
Evaluate (15 - 6) + (-3 - 1).
5
-3 + (-6 - -4) + 4 - 0
-1
-13 + 16 + 9 - 4
8
What is -2 - (-2 + (-3 - -7))?
-4
What is the value of -1 + 7 - (0 - (0 - 3))?
3
2 + (-6 + 1 - (3 + -1))
-5
What is the value of 2 - (-4 + 3 + 5 - 2)?
0
Evaluate (-10 - 1) + (6 + -4 - -3).
-6
What is -7 - (-1 - 4) - -2 - 5?
-5
Evaluate -5 - (-1 - 8 - -1).
3
What is the value of 6 + (-2 - 2) + -5?
-3
Calculate 0 - -2 - (19 + -23).
6
Evaluate (-8 - -5 - 2) + 4 - 3.
-4
What is the value of (6 - 1) + -1 + 0 + -1?
3
Evaluate (1 - -4 - 1) + 1.
5
Evaluate (0 - 2) + 7 - 5.
0
5 - 3 - 4 - (-1 - 2)
1
Evaluate -25 - (-6 + -6) - -4.
-9
-10 + (-1 - -4) + 3 - -2
-2
What is 21 - 1 - (124 - 112)?
8
What is the value of -1 + 2 - (-64 + 62)?
3
Evaluate 6 - -3 - (4 + 0).
5
What is the value of -8 + 3 - (17 - 23)?
1
What is -5 - (-1 + -7 + 1)?
2
What is the value of -10 + 2 + 2 + 1?
-5
Calculate 9 + 1 - (-9 + 18 + -6).
7
What is the value of 5 + 5 + 0 + -7 + 2?
5
What is -4 + (11 - 12) + 6?
1
5 + 1 + -2 + -2
2
What is -4 - (1 + 2 - 5) - -4?
2
What is the value of (10 - (5 + -3)) + -10 + 4?
2
What is -5 + 0 + 0 + 3 + 0?
-2
What is the value of (-14 - -4) + 1 - (-7 + 3)?
-5
Evaluate 1 + -6 + (-4 - -9).
0
What is the value of -5 - (2 - (6 + 2)) - 4?
-3
Calculate 3 - (-1 - (-10 + 6)).
0
What is 0 - 1 - (3 + -2)?
-2
What is the value of 5 - (4 - (6 - 7))?
0
Calculate -13 - (-12 - 0) - (-4 + -1).
4
What is the value of 13 - 3 - (9 + -3)?
4
Evaluate (-2 - -4) + 6 + -1 + -1.
6
What is -2 - (-1 - (-5 + 4)) - 6?
-8
What is (1 - 0) + 4 - (0 + 6)?
-1
What is the value of (-10 - -7) + 2 + -3?
-4
What is the value of (-11 - -23) + -20 - -14?
6
Evaluate -7 + (-3 - (-4 - (0 - 0))).
-6
3 + 1 + (-2 - 0) + -5
-3
What is (-3 - -6) + -6 + 9?
6
What is the value of 10 - (-9 - -8 - -7)?
4
Calculate -5 + (1 - -6) - (5 - -3).
-6
Evaluate 2 - ((5 - 2) + -8 + 2).
5
Evaluate (3 - 1) + 3 - 1.
4
What is (-2 + 0 - -8) + (-4 - -4)?
6
What is the value of (-3 - 0) + 0 + -10 + 12?
-1
Evaluate 2 + (-1 - (-5 - -9)) + -6.
-9
What is (-2 - -4) + (-7 - 1) + 8?
2
What is (-6 - (2 + -1)) + (22 - 23)?
-8
Calculate 1 + -1 + 3 + -3.
0
(-7 - 0) + (3 - (8 - 8))
-4
What is -8 - (-6 + 9 - 10) - 6?
-7
Calculate (2 - -2) + -11 + 7 - 5.
-5
What is the value of -2 + -3 + (2 - (0 + -8))?
5
What is -18 - 3 - (-4 + -8)?
-9
What is 0 - 3 - -3 - (-3 + 4)?
-1
Evaluate (19 - 1) + 13 + -21.
10
Calculate -6 + -3 + -5 + 8.
-6
What is 10 - (7 - (-4 - -4)) - 5?
-2
What is the value of -6 + 7 - (14 - 16)?
3
Calculate 1 - (-5 - (-3 - (4 - 3))).
2
4 - (0 - 1 - (3 - 5))
3
What is the value of 9 - (-3 - (9 - 27))?
-6
0 + 10 + -5 + -10
-5
Evaluate 2 - 4 - (3 + (-2 - 4)).
1
Calculate (1 + (-2 - -2) - 2) + -3.
-4
Evaluate (4 - (-6 + 4)) + -5 + -2.
-1
What is 0 + 8 - 7 - (-4 + -2)?
7
(-8 - -5 - -10) + -4 - 6
-3
Evaluate 6 + -1 + -7 + 6.
4
-2 + 6 + (7 - 8)
3
What is the value of 5 + (-3 - 3) - (-3 + -3)?
5
What is the value of (-1 - 7) + (-17 - -18)?
-7
Calculate -254 + 247 - (-3 - (-1 + 1)).
-4
Calculate -30 + 29 - (4 + -1).
-4
Evaluate -8 + 4 + -11 + 10.
-5
What is 3 - (7 + -2 + 5 + -3)?
-4
What is 5 + (-5 - -2 - (-6 - -11))?
-3
What is the value of (13 - 5 - 4) + -1 + 1?
4
What is -3 + 11 - (3 + 0 - -2)?
3
Evaluate (4 + -3 - (-1 + 3)) + 2.
1
What is (6 - 0) + 32 + -35 - -1?
4
What is 8 + -16 + 0 + 2?
-6
Evaluate 2 - 3 - -5 - (-34 + 33).
5
What is the value of -16 + 8 - (-2 - 7)?
1
What is 6 - (-7 - (9 + -14))?
8
What is -4 + (1 + 1 - -1)?
-1
Evaluate 2 - 2 - -6 - (14 + -11).
3
Calculate (5 - 6) + 1 + 1.
1
3 + (-3 - -2) - -4
6
What is the value of 228 + -223 - ((-2 - -2) + 14)?
-9
1 - (-6 - -6) - 7 - -6
0
What is the value of (4 + -4 - 0) + 15 + -20?
-5
Calculate 1 - (4 + 2) - (-5 - -4).
-4
(-7 + 8 - (-3 - 2)) + -2
4
(-1 - 0 - (-11 - -10)) + 3
3
4 - 2 - (32 + -36)
6
(8 - (-9 + 22)) + (2 - 2)
-5
-24 + 21 + 4 + (2 - 3)
0
Calculate 7 - (-1 + (14 - 8)).
2
-4 - (16 + -1 + -6 + -2)
-11
Evaluate 11 + (2 - 2) + -14 + 12.
9
What is the value of (-3 - -12 - 7) + -7?
-5
(0 - 12) + 17 + -9
-4
What is the value of (16 + -2 + -5 - 6) + 1?
4
What is the value of 0 - (-12 + 5 + 3)?
4
Evaluate (1 - 6 - -21) + -11.
5
What is -4 + 3 + 2 + (-10 - -5)?
-4
What is the value of (0 - 1) + (-8 - -13)?
4
Evaluate 3 + -4 + (6 - (0 + 7)).
-2
3 + 2 + -2 + (2 - 2)
3
(-11 - (-1 + -11)) + -4
-3
Calculate (-5 - (10 + -18)) + -9.
-6
Calculate -3 + 7 + 2 - 8.
-2
Calculate -10 + 3 + 7 - 0.
0
Calculate 4 + 2 - 1 - 1.
4
Calculate 2 - (0 + 0 + 3 + -7).
6
Evaluate (1 - -4) + 70 + -80.
-5
Evaluate 1 - (-28 - -33 - (-1 - -8)).
3
Calculate (120 - 110) + (0 - (0 + 6)).
4
1 + 0 - (1 + -1)
1
Evaluate (1 - -3 - 10) + 1.
-5
Calculate 2 + -6 + 2 + (-7 - -13).
4
Calculate (4 - 2) + 8 - 18.
-8
What is the value of 1 - (14 + -9 + -1)?
-3
73 + -77 + -2 + -2 + 2
-6
What is 5 - (3 + 7) - -1?
-4
What is the value of -5 + 3 + -3 + 6?
1
-2 - -6 - (-7 + 15)
-4
Calculate 3 + -4 - (1 + 2 + -8).
4
4 + -1 + -2 + -2
-1
-5 + (-6 - -4) + 27 + -10
10
Calculate (-60 - -65) + -7 + 3.
1
Calculate -1 - (-5 - -3 - -6) - -8.
3
What is (3 - -7 - -1) + -8?
3
Evaluate -10 + 8 + 2 + -5.
-5
-13 - (-2 + -10 + 1)
-2
Calculate 1 - (-1 + -1 + (11 - 8)).
0
Evaluate 1 - (-2 - (4 - 5 - 0)).
2
Calculate -2 + 2 + -2 + -2.
-4
Calculate (-10 - (-8 + 2)) + 5.
1
Calculate -5 + 2 + (-3 - 4 - -6).
-4
Calculate -2 + 5 + 0 - (13 - 15).
5
What is 3 + 6 + (1 - 14)?
-4
Evaluate 1 - (0 + 0 + 0) - 5.
-4
Calculate (0 - (-7 - -7)) + 3.
3
Evaluate (-6 - ((-17 - 3) + 8)) + -1.
5
Calculate (-1 - -1) + -1 + 4 + -5.
-2
What is the value of (-10 - (-3 + 0)) + 4?
-3
(-1 - (-6 + 6 + 7)) + 3
-5
Evaluate 3 + (-2 + -3 - -4).
2
What is -1 + (9 - (22 - 6))?
-8
What is 5 + 2 + -6 - -7?
8
What is the value of -1 - -7 - 1 - 8?
-3
Calculate (5 - 4) + -2 + -1 - -1.
-1
10 + -5 - ((5 - 2) + -2)
4
Calculate 3 + -4 + 3 - (2 - 5).
5
What is 61 + -69 - (2 + -10)?
0
What is -1 + -2 + -4 + 3?
-4
Calculate 2 - 7 - (6 - 7 - -4).
-8
What is (-3 + 10 - (6 - 1)) + -10?
-8
4 - (1 + -3 - (24 - 25))
5
Calculate -1 - 2 - ((3 - 14) + 11).
-3
(5 - (-5 + 8)) + 1 - 7
-4
7 - 0 - (50 + -48)
5
What is 0 + -6 + -15 + 26?
5
What is the value of -1 + 10 + (-34 - -26)?
1
Calculate 3 + 2 + -5 + 1 + -5.
-4
11 + 0 - (5 + (-2 - -2))
6
5 - (-1 + (7 - 3 -